rmine l(-3).
8
Let t(z) = z + 1. Let i be t(7). Let p = i - 12. Let f(b) = 9 - b + 7 - 13. Calculate f(p).
7
Let a be 2/(-4) - (-55)/22. Let m(i) = -5 + 5 - a - 2 - i. Calculate m(0).
-4
Let b(j) be the second derivative of -j**3/6 - 5*j**2/2 + 6*j. What is b(0)?
-5
Suppose 5*f - 2 - 3 = 0, 5*w + 4*f - 19 = 0. Suppose -7 = w*b - 1. Let a(k) = -k**2 - 3*k + 1. What is a(b)?
3
Let l = -21 - -15. Let s(k) = k**3 + 6*k**2 - 2*k + 7. What is s(l)?
19
Let y(r) = -2*r**2 + r**2 + 0*r**2 + 6*r - 6. Suppose -u - 15 = -4*u. Suppose v = -a + 8, -a + 3*a + u*v - 25 = 0. Calculate y(a).
-1
Let r(b) be the second derivative of b**5/60 - b**4/4 + 2*b**3/3 - 5*b**2/2 + 5*b. Let v(p) be the first derivative of r(p). What is v(5)?
-1
Let r(g) = 2*g - 2. Let d be r(0). Let y(x) = -3*x**2 - 4*x - 3. Calculate y(d).
-7
Let l(k) = -k**3 + 3*k**2 + 6*k - 5. Let y(h) = h - 1. Let j(v) = l(v) - 2*y(v). Determine j(4).
-3
Let a(v) be the second derivative of -v**5/20 + 5*v**4/12 - 5*v**3/6 - 31*v. Calculate a(4).
-4
Let o(n) = -2*n. Suppose 0 = 3*z - 2*z - 16. Suppose -2*v = -0*v - z. Let t = v + -12. Determine o(t).
8
Let f(r) be the third derivative of r**2 + 1/2*r**3 + 1/120*r**6 + 0*r - 1/8*r**4 + 0 + 1/20*r**5. Determine f(-4).
-1
Let z(m) = m - 5. Let b = 23 - 16. Let q(w) = 3*w - 10. Let o(i) = b*z(i) - 3*q(i). Suppose x = 4*x + 4*g - 24, 3*g = -3*x + 21. Calculate o(x).
-13
Suppose 8*z = 16 + 16. Suppose -c - 2*b = -2, -3*b + z*b = -c. Let p(s) = 5*s**2 + 3*s + 2. Give p(c).
16
Let r(o) = 5*o. Let u be r(1). Let p(h) = h. Let y(a) = -a**2 + 12*a - 1. Let f(m) = u*p(m) - y(m). Determine f(7).
1
Let f(s) = -s**3 + 4*s**2 - 4*s + 3. Let h be f(3). Let l(a) = h*a + 0 - 2*a + 5. Give l(5).
-5
Let d be 1*(-1 - (-1 + 1)). Let p(l) = 7*l + 1. Calculate p(d).
-6
Let i(u) be the second derivative of 1/2*u**2 + 1/3*u**3 - 2*u + 0. What is i(-3)?
-5
Suppose f - 6 = -0*f. Suppose m + f = 4*g, 2*g + 0*g - 8 = 3*m. Let n(l) be the second derivative of -l**5/20 - l**4/3 - 2*l**3/3 - l**2 - 4*l. What is n(m)?
-2
Let b(v) be the third derivative of v**5/60 + v**4/24 + 5*v**3/3 - v**2 + 8. Calculate b(0).
10
Suppose -4*z - 23 = 5*k, k - z + 0 = -1. Let f(n) = 4 - 2*n + 7*n + 2*n**2 + 0. Calculate f(k).
7
Suppose -4*g + 2 = -p + 3, -5*p = -5*g + 10. Let u(w) = 2*w**3 - 2*w**2 - 5*w**3 - w - 2*w**3. Give u(g).
4
Let z = -89 - -93. Let t(j) = 2*j - 2. Calculate t(z).
6
Let r(v) = v + 2. Let z be r(-5). Let q(s) = 4*s**2 + 3*s - 4. Calculate q(z).
23
Let z(t) = 9*t**2 - 62*t**3 + 63*t**3 - 3*t**2 - 7. Give z(-6).
-7
Let y(x) = -x**2 - 3*x - 2. Let u = 31 + -11. Suppose -7*o + 2*o - u = 0. Calculate y(o).
-6
Suppose 2*l - 2*y = -0*l - 2, 3*l + 3 = -3*y. Let d(h) = -h**2 + h + 1. What is d(l)?
-1
Let j = -7 + 9. Suppose j*i - 31 = -5*n, 5*i = -n + 18 + 2. Let a(d) = -3*d**2 + 4*d. What is a(i)?
-15
Let f(z) = z**2 + 4*z. Let a = 4 + -4. Let c = a - 2. What is f(c)?
-4
Let s(f) = 2*f - 2. Suppose 4 = -4*d, -3*d - 2*d - 17 = -4*c. Determine s(c).
4
Let d(j) = -2 + 1 + 2 + j. Let y(i) = 2*i + 1. Let u(p) = -p**2 + 16*p - 17. Let t be u(15). Let l(n) = t*y(n) + 6*d(n). Give l(-5).
-6
Let t = -4 - 0. Let d(j) be the third derivative of -j**5/60 - 3*j**4/8 - 2*j**3/3 + j**2. Let k(u) = -u - 1. Let h(z) = d(z) - 6*k(z). What is h(t)?
-2
Let d(b) = -b**3 - b**2 + 3*b - 4. Let f(x) be the second derivative of x**5/10 + x**3/3 + x**2/2 + x. Suppose k - 5 = -6. Let w be f(k). What is d(w)?
5
Let o(p) = -7 + 6*p + 13 + 2 + p**2. Suppose 0 = 5*c + 3 + 27. What is o(c)?
8
Let p = -11 - -16. Suppose 0 = -5*l + 5, -2*y = l - 0*l - p. Let g(c) = c**2 - c + 2. Give g(y).
4
Let z(g) = 7*g**3 + 20*g**2 + 9*g - 18. Let d(u) = -10*u**3 - 30*u**2 - 14*u + 27. Let m(q) = 5*d(q) + 7*z(q). Give m(-9).
-9
Let w(t) = t**3 + 7*t**2 + 7*t + 1. Let k be w(-6). Let y be 3*((-5)/(-3) + -1). Let m(x) = -y - 4 - 6*x + 3 - x**2. Determine m(k).
2
Suppose 7*a = 2*a + 4*k + 9, 2*a = 2*k + 4. Let p(t) = -6*t**3 - 5*t + 1. Let w(u) = -7*u**3 - 4*u + 1. Let s(n) = -2*p(n) + 3*w(n). What is s(a)?
-10
Let v(m) = m + 2. Let j(n) = -1. Let s(g) = -5*j(g) - 2*v(g). Determine s(-2).
5
Let p(b) = -b**2 + 13*b - 2. Let k(a) = a**2 - 7*a + 1. Let o(u) = 5*k(u) + 3*p(u). Determine o(-3).
5
Suppose -15*v = 2*i - 12*v + 14, -3*i + 4*v + 13 = 0. Let y be (1 + -5 - -1)*-1. Let o(c) = -7*c**3 + c + c**y - 2*c**3. Calculate o(i).
7
Let q(b) = -2*b + 10. Let x(k) = 6*k - 29. Let g(o) = 17*q(o) + 6*x(o). Give g(4).
4
Suppose -4*r = -0*k - 4*k - 24, 23 = 4*r - 3*k. Let l = 7 - r. Let u(s) = s**3 + 2 + 2*s**2 + 0 + 2*s**l - 5*s. What is u(-5)?
2
Let i(o) = 2*o + 8. Suppose 0 = 7*r + 5 + 23. What is i(r)?
0
Let i(h) = 22 + 4*h - 5*h + 0*h - 18. Let l = 1 - -2. Let c be l + (-1 - 0) + 3. What is i(c)?
-1
Suppose -r = -2*r - 3. Let u(h) = -h**2 + h + 1. Let i(b) = -3*b**2 + b + 3. Let p(x) = i(x) - 2*u(x). Give p(r).
-5
Let p(q) = -q**3 + 3*q**2 + 2*q - 3. Suppose 16*t - 11*t = 20. Suppose -m + 4*d = -6*m + 31, -3*m = t*d - 25. Determine p(m).
3
Let w be 0/(-4) - (0 - 16). Let f = w - 13. Let i(a) = -a**3 + 2*a**2 + 3*a - 2. What is i(f)?
-2
Let j(p) be the first derivative of 2*p**3/3 - p**2/2 + p + 13. What is j(-2)?
11
Suppose -3*j - 2 = -2*m, -3*j - 1 = -m - 0. Let o(g) = -8 + 9*g - 2 + 11. Give o(m).
10
Suppose -3*k + 8*k = -25. Let b(g) = -g**3 - 4*g**2 + 2*g - 6. Calculate b(k).
9
Let k(g) be the first derivative of -3/2*g**2 - 4/3*g**3 + 1/4*g**4 - 5*g - 2. Let x(p) = p - 1. Let w be x(6). Determine k(w).
5
Let j be -4 - (3/(-1) + 3). Let q(o) = -3*o + 6. Let w(k) be the third derivative of k**4/24 - k**2. Let z(y) = j*w(y) - q(y). Calculate z(-4).
-2
Let q(w) be the third derivative of w**5/60 + w**4/6 + w**3/2 + w**2. Let u = 5 + -9. Let i be q(u). Let v(n) = n**3 - 4*n**2 + n - 1. Give v(i).
-7
Let m(h) be the second derivative of -h**4/12 + 7*h**3/6 - 5*h**2/2 - 10*h. Give m(6).
1
Let t(d) = -d**2 + 5*d + 6. Let v(f) = -f + 1. Let g(s) = -t(s) - v(s). Suppose -4*n - 8 = 0, 0*p - 3*p + 4*n = -23. Give g(p).
-2
Let o(v) = -4*v - 5. Let a(k) be the third derivative of k**4/24 + 2*k**2. Let c(q) = 3*a(q) + o(q). Give c(-3).
-2
Let s(m) = -3*m. Suppose 0 = -2*z + u - 79, 4*u = 2*z + 43 + 33. Let f be (-50)/z + (-6)/(-8). Calculate s(f).
-6
Let j(x) = 2*x**2 - x - 1. Suppose -3*q + 2 = -2*a, 2*a - a - 10 = -4*q. Let k be j(a). Let t(s) = -s**3 + 5*s**2 + s + 1. Determine t(k).
6
Let w(x) = -x**2 + 2*x - 3. Let d(m) = -2*m**2 + 3*m - 4. Let q(l) = -2*d(l) + 3*w(l). Let o(p) = -5*p**2 + p + 4. Let t(s) = -o(s) - 4*q(s). Determine t(0).
0
Suppose -3*q = 5*v - 23, -2*q + 0*v = -4*v + 14. Let l be (-2 + 1)/(q/(-2)). Let x(k) = 0 - 3*k + 0 - 4 + k**l. Determine x(3).
-4
Let s(f) be the second derivative of -f**6/720 - 3*f**5/40 + f**4/3 + 4*f. Let b(u) be the third derivative of s(u). Calculate b(-6).
-3
Let s = 10 - 8. Suppose -2*n + 2*u + 0 = -s, 3*n + u + 9 = 0. Let x(h) = 2*h - 1. Let z(y) = -y**2 - y + 1. Let d(t) = -x(t) - z(t). Give d(n).
6
Let d(s) = 2*s - 8. Let f be d(6). Let j(p) be the third derivative of 0*p + p**2 + 1/2*p**3 - 5/24*p**f + 1/30*p**5 + 0. What is j(3)?
6
Suppose -2*r + 5*r = 0. Suppose -b = -r*b - 6. Let m(c) = c**3 - 6*c**2 - 2*c + 3. Give m(b).
-9
Let p(v) = -v - 9. Let g(n) = -n - 8. Let i(s) = 6*g(s) - 5*p(s). Let m(h) = 4*h + 1. Let x be m(-1). Calculate i(x).
0
Suppose 0 = 5*j - u + 25, 2*u = 3 + 7. Let m(t) = t**3 + 3*t**2 + 4*t - 1. Let k(z) = -z**2 - 1. Let g = 4 + -3. Let o(c) = g*m(c) - 2*k(c). Give o(j).
1
Let c(g) = 2*g**2 + 1. Let r(i) = -11*i**2 + 5*i - 3. Let t(k) = 6*c(k) + r(k). Let b be 7*(13/(-7) + 1). Give t(b).
9
Let g(t) = 8*t**2 - 4. Suppose 2*o = -2 - 2. Let c(a) = -7*a**2 + 3. Let y(h) = o*g(h) - 3*c(h). Calculate y(-1).
4
Let r(y) = -2*y**2 + y**3 - 6 - 5*y - 3*y**2 + 4. Calculate r(6).
4
Let n(q) = -3*q**3 + 4*q - q + 5*q**3 - 2*q. Give n(1).
3
Suppose -2*k = -3*b - 9, b = -2*b + k - 12. Let y(x) = -2*x - 6. What is y(b)?
4
Let g(x) be the second derivative of -x**5/20 - x**4/3 - 3*x**2/2 + 15*x. Determine g(-3).
-12
Let l(a) = 3*a + 2*a - 2 + 2*a**2 - 6*a. Determine l(-2).
8
Let y(x) = -2*x**2 + x + 8. Let q(s) = 2*s**2 - 9. Let g be ((-6)/(-4))/((-9)/(-18)). Let u(h) = g*q(h) + 4*y(h). Calculate u(4).
-11
Let c(d) = 5*d - 2. Let q(x) = 11*x - 5. Let j(t) = -13*c(t) + 6*q(t). Let s(k) =